0. Let c = w - 186. Let q(f) = 40*f**2 - f + 1. What is the remainder when q(1) is divided by c?
7
Let s = 378 - 275. What is the remainder when s is divided by 25?
3
Suppose b - 3*x - 15 = 3, -54 = -5*b - 3*x. Calculate the remainder when 82 is divided by b.
10
Suppose -4*k + 4*h - 13 = -29, 2*k + 5*h - 29 = 0. Calculate the remainder when k is divided by 2/6 + 40/15.
1
Suppose -b - 5*w = 17, 0 = 7*b - 9*b - 3*w + 1. Calculate the remainder when 71 is divided by b.
7
Let s(c) = 3*c + 3. Let o(d) = 131*d + 1448. What is the remainder when s(5) is divided by o(-11)?
4
Suppose 0 = -14*k + 123 - 30 + 89. Suppose 0 = -5*f - u + 642, 88 = 3*f - u - 302. Calculate the remainder when f is divided by k.
12
Let w(i) = -67*i - 1332. What is the remainder when w(-23) is divided by 30?
29
Let y(b) = 2*b**3 + 3*b**2 - 4*b + 3. Let l be y(3). Suppose -5*t + l = 3*t. Calculate the remainder when (-2)/(-4)*(-90)/(-3) is divided by t.
6
Suppose 15*c - 490 = -34*c. Suppose 6*x - 95 = x. Calculate the remainder when x is divided by c.
9
Let d = -116 + 174. What is the remainder when d is divided by 6?
4
Let j(q) = 5*q**2 + 2*q - 1. Suppose 0 = -5*c - d + 45, -6*c + 4*c - 3*d = -18. What is the remainder when c is divided by j(1)?
3
Let c(w) = -60*w + 19. Calculate the remainder when c(-4) is divided by 13.
12
Suppose -836 = -5*u + 3*c + 147, 2*c = u - 198. What is the remainder when u is divided by 8?
4
Suppose 4*v + 2*o = 6*v - 8, 0 = -v + 2*o + 3. Suppose 19 = 3*f - v. Calculate the remainder when (-4233)/(-27) - f/(-36) is divided by 40.
37
Suppose -2*m + 192 = 3*d, 5*d - m - 313 = -2*m. Let p = d + -44. Suppose -p - 17 = -5*w. Calculate the remainder when 13 is divided by w.
6
Suppose 2*g + 56 = -2*z, -19 + 100 = -2*z + 3*g. Let x be 4/(-18) + z/(-27). Suppose -231 + x = -5*f. What is the remainder when f is divided by 24?
22
Let a = 104 - 63. Let r be 28/2 - (1 + -1). Let s = r - 0. What is the remainder when a is divided by s?
13
Let i(f) be the first derivative of -f**4/4 + 13*f**3/3 - 13*f**2/2 + 18*f + 7. Calculate the remainder when 20 is divided by i(12).
2
Let m be (12/(-10))/((-3)/30). Let y be (-1 + 9/m)*-8. Suppose 0*i - 10 = -i + 4*w, 0 = -y*i + 2*w + 8. Calculate the remainder when i is divided by 1.
0
Suppose 0 = -5*q + 4*i - 97, 3*q = -2*i + 6*i - 55. Let z(g) = 10*g. Let b be z(-3). Let l = q - b. Calculate the remainder when l is divided by 3.
0
Let v = 112 + -110. Let k(a) = 55*a + 17. What is the remainder when k(v) is divided by 32?
31
Calculate the remainder when 1256 is divided by (-737)/176*-4 - 2/(-8).
15
Let t(a) = a**3 + 21*a**2 - 2*a + 25. Let n be t(-21). Suppose 200 = 3*o - n. Calculate the remainder when o is divided by 31.
27
Let t(k) = k**2 - 22*k + 82. What is the remainder when t(19) is divided by ((-14)/3)/(1/(-3))?
11
Let p be (18/(-15))/(6/30). What is the remainder when 23 is divided by (-28)/p*(-15)/(-10)?
2
Suppose 0 = -c + 8 - 3. Suppose 0 = -4*v - m + 46, -2*m = -c*v - m + 53. Calculate the remainder when v is divided by 6.
5
Let q = 411 + -223. What is the remainder when q is divided by 27?
26
Suppose 5*d + 160 = v, -4*d + 0*v = v + 137. Let g = -437 + 382. Let f = d - g. Calculate the remainder when 65 is divided by f.
21
Let l(v) = v**2 + 15*v + 21. What is the remainder when l(-16) is divided by 11?
4
Suppose -4*k - 61 + 305 = 0. Calculate the remainder when k is divided by 31.
30
Let v(g) = -139*g - 222. Calculate the remainder when v(-3) is divided by 34.
25
Let m = 4 + 0. Suppose m*x = -2*x. What is the remainder when 78 + (3 - 3) + x is divided by 27?
24
Let b = -34 + 39. Suppose -4*d - 507 + 98 = -b*z, 3*z - 5*d = 248. What is the remainder when z is divided by 29?
23
Let n(s) = -29*s - 1. Let u be n(-1). Suppose -6*z = -2*z - u. Let v(k) = -2*k**3 + 4*k**2 + 4*k + 3. Calculate the remainder when v(-2) is divided by z.
6
Suppose b - 630 = 7*q - 4*q, -4*b = -2*q - 2490. What is the remainder when b is divided by 12?
9
Let z = -105 - -120. What is the remainder when 161 is divided by z?
11
Let y(k) = -k**3 - 3*k**2 - 18*k - 23. What is the remainder when y(-4) is divided by 17?
14
Suppose 3*a - 4*i = 5*a - 74, i = -4*a + 113. Let w be 24/(16/(-4)) - -3. What is the remainder when 25 is divided by w/(-12) - a/(-4)?
4
Let q(i) = -13*i**2 - 51*i - 52. Let r(k) = 3*k**2 + 13*k + 13. Let s = -13 + 4. Let z(o) = s*r(o) - 2*q(o). What is the remainder when z(-13) is divided by 4?
1
Suppose 4*j - h = 2926, 4*j - 126 - 2810 = -4*h. Suppose 4*i = 8*i - j. What is the remainder when i is divided by 37?
35
Suppose 0 = -l - 4*c - 15, -4*l + 6*c = 2*c - 40. Let s = l + -2. Let v = s + 3. Calculate the remainder when v is divided by 3.
0
Let v(c) = c - 6. Let j be v(2). Let r = j + 53. Suppose 2*t - 3*o - r - 16 = 0, 10 = -2*o. Calculate the remainder when 72 is divided by t.
22
Let m(n) = -n**2 + 2*n + 29. Calculate the remainder when 42 is divided by m(6).
2
Let p = 725 + -498. What is the remainder when p is divided by 81?
65
Suppose 1563 = 13*u + 146. Suppose 47 = -2*y - 341. Calculate the remainder when u is divided by y/(-7) + (-4)/(-14).
25
Let h = 5 + -13. Let q(c) = -c - 5. Let g be q(h). Suppose -5*a + g*a = -22. Calculate the remainder when a is divided by 7.
4
Let c = 20 + -7. Suppose -4*v + 53 = c. What is the remainder when (1 + -4)/(2/(-12)) is divided by v?
8
Calculate the remainder when (-3666)/(-9) + (-14)/(-21) is divided by 69.
63
Suppose 3*g - 416 = 61. Let t = -91 + g. What is the remainder when t is divided by 25?
18
Suppose 5*v - 798 = -t, -t + 634 = 4*v + 2*t. What is the remainder when v is divided by 23?
22
Suppose -d - 2 = 0, -s - 5 = -4*d - 16. What is the remainder when 111 is divided by s?
0
Suppose 56*d = 59*d + 3, 2*y + d = 267. Calculate the remainder when y is divided by 8.
6
Suppose 2*u = 10, 25*w + 13 = 27*w - u. Suppose 0 = -4*g - 0*g + 28. Suppose 2*l - g*l + 25 = 0. Calculate the remainder when w is divided by l.
4
What is the remainder when 158 is divided by -1 + -28*(-1 - 0)?
23
Calculate the remainder when 5900/50*(-30)/(-4) is divided by 74.
71
Let c(x) = -x**2 - 11*x - 14. Suppose 0 = -m + 4, -5*m + 50 = -6*t + 3*t. Let v be c(t). Calculate the remainder when 47 is divided by (-99)/v - (-3)/12.
22
Suppose -6*i = -18 - 6. Suppose -8*c + 4*m = -4*c - 64, 62 = i*c - 3*m. Calculate the remainder when 110 is divided by c.
12
Let c(i) = 14*i**2 + 21*i. What is the remainder when c(-6) is divided by 94?
2
Suppose 12*k - 9 = 183. What is the remainder when 79 is divided by k?
15
Suppose 0 = 3*y - 2*y + 5*h - 2, 3*y = h + 6. Let i = 15 - 16. Calculate the remainder when (-7)/3*3/(0 + i) is divided by y.
1
Let f = 275 + -156. Suppose -r = -3*g - 2*r + f, -4*g + 157 = r. Calculate the remainder when g is divided by 5.
3
Suppose -c + 2*p + 51 = 0, -c - 3*p - 2*p + 86 = 0. What is the remainder when c is divided by 8?
5
Let r be -42 - (-2 + 7 + -1). Let d = r + 69. Let j(l) = l**3 + 7*l**2 + 3*l - 6. What is the remainder when d is divided by j(-6)?
11
Let i = 164 - 110. Let k = i - 32. Let m = 6 + 37. What is the remainder when m is divided by k?
21
Let c be -1 - (5/(-1) + -1). Suppose 0*n = -c*n - l + 12, 0 = l - 2. Suppose -n*h + 63 = h. What is the remainder when 39 is divided by h?
18
Let k(h) = 2*h**3 + 13*h**2 + 19*h + 12. Calculate the remainder when 893 is divided by k(-4).
13
Calculate the remainder when 45 is divided by (-14)/(-63) + 0 + 244/36.
3
Suppose 2*y = 3*y - 3. Let a = 41 + -13. Calculate the remainder when (-2)/(-8) - (-161)/a is divided by y.
0
Suppose 0 = -2*c - 0*c + 28. Let p be (3 + c/(-6))*255. Let d = -114 + p. Calculate the remainder when d is divided by 30.
26
Let t(l) = 2*l**3 - 8*l**2 + 8*l - 5. What is the remainder when t(5) is divided by 29?
27
Let m = 5 + -2. Let l = 97 + -95. Let c(r) = r**2 + 3*r - 4. What is the remainder when c(l) is divided by m?
0
Let p be (2/6 - 0)/(62/744). Suppose 395 = p*j - j - 4*k, -2*j + 4*k + 262 = 0. Calculate the remainder when j is divided by 34.
31
Calculate the remainder when 5 - (244 - -2)/(-3) is divided by 5.
2
Let s(w) = w. Let g be s(6). Suppose -3*n + g + 0 = 0. Suppose -3*v = n*v - 25. Calculate the remainder when 18 is divided by v.
3
Suppose -5*c + 150 = -16*y + 19*y, 5*c = 2*y + 175. Let d(m) = m**2 + 8*m - 